8. List the prime factors of k.
2, 29
Suppose -4*q = -2*t - 6904, -10365 + 1765 = -5*q - 5*t. What are the prime factors of q?
2, 431
What are the prime factors of (0 - 258)/((91/39)/(-7))?
2, 3, 43
Let u = -3215 - -4510. Suppose 31*y - 24*y = u. List the prime factors of y.
5, 37
Let d be 0/9 + (-1516)/(-1). Suppose 5*k - d = 1184. List the prime factors of (6/15)/(6/k).
2, 3
Let s be (-55)/(-66) + 55/(-30). Let l(v) = 2*v - 1. Let j(k) = -1. Let u(m) = 6*j(m) - 6*l(m). List the prime factors of u(s).
2, 3
Suppose g = -5*j + 9*j + 4581, -j + 9126 = 2*g. List the prime factors of g.
5, 11, 83
Suppose -5*z = v - 2*v + 71, 0 = 3*v - 5*z - 183. Let f = v + 4. List the prime factors of f.
2, 3, 5
Suppose -4*c - 1003 = -a, -10*c + 7*c = -15. List the prime factors of a.
3, 11, 31
Let q = 47 + -39. What are the prime factors of q/2*((-2)/2 + 15)?
2, 7
Suppose 94 - 337 = -3*k. Suppose -3*o + k = 3*m - 18, 5*m + o = 169. List the prime factors of m.
2, 17
Let a(z) be the first derivative of -2*z**2 - 27*z - 1. List the prime factors of a(-12).
3, 7
Let h = -707 - -1470. List the prime factors of h.
7, 109
Suppose -4*x - 5*z + 482 + 517 = 0, -5*x + 1252 = 3*z. List the prime factors of x.
251
Suppose 3*a + 0*n = 2*n + 22, -3*n + 12 = 3*a. Let d = 2 + a. Suppose 3*s - 25 = d. List the prime factors of s.
11
Let y(o) = 2*o - 9. Suppose 5*g - 64 - 56 = 0. Suppose 10*d = 6*d + g. What are the prime factors of y(d)?
3
Suppose 10*r - 6*r = 12. Suppose 5*u + 13 = 2*s, 0*u + 30 = r*s + 3*u. List the prime factors of s.
3
Let x(w) = -17*w - 33. Let l be x(-6). Suppose 3*f - 474 = -l. What are the prime factors of f?
3, 5
Let q be (-8)/2*(-5 + 3). Suppose -37 = -5*o + q. Let x = o + -2. List the prime factors of x.
7
Suppose 4*o + 2*w + 14 = 6*o, -5*o = 3*w - 3. List the prime factors of (-184)/o*(-30)/20.
2, 23
Let o(q) = -2*q + 5. Let d be o(2). List the prime factors of d/(-9) - (-12260)/180.
2, 17
Let n(k) = k**2 - 17*k + 23. Let t be (-28)/5*(-17 + 7). Suppose 4*f + 4*l - t = -0*f, 25 = -5*l. List the prime factors of n(f).
61
Suppose -q - 2765 = -5*r, 361 + 1320 = 3*r - 5*q. List the prime factors of r.
2, 3, 23
Suppose 13*t + 0*t = 7124. What are the prime factors of t?
2, 137
Let k = 711 - -155. What are the prime factors of k?
2, 433
Suppose -o = 4*o. Suppose o = -7*f + 3*f. Suppose 5*v + 2*p - 6*p - 140 = 0, f = -p. What are the prime factors of v?
2, 7
Suppose 3*f = -5 + 2. Let i = 2 + f. What are the prime factors of (32/12)/(i/3)?
2
Let c(d) = 34*d - 1. Let j = 1 - 0. Let y be c(j). What are the prime factors of (-4)/6*y/(-1)?
2, 11
Let g = 6 - 20. Let k be (g + 4)*(-3)/6. Suppose 4*s - k*z - 114 = 24, -4*z + 8 = 0. What are the prime factors of s?
37
Suppose -1091 = -5*d + 534. Suppose h = 6*h - d. List the prime factors of h.
5, 13
Let l = 6092 + -4186. What are the prime factors of l?
2, 953
Let n(a) = -a**2 + 13*a - 15. Let j be n(10). Let x(z) = -5 + z - 4*z + j*z**2 + 7*z + z**3 - 16*z**2. List the prime factors of x(2).
7
Let p be (-21)/14*20/(-3). Let r = 3 + p. Let o = 12 + r. What are the prime factors of o?
5
Let x(l) = -l - 4. Let b be x(3). Let i(y) = 1. Let z(q) = 3*q - 15. Let v(p) = -15*i(p) - z(p). What are the prime factors of v(b)?
3, 7
Suppose -23*a + 19*a = -788. What are the prime factors of a?
197
Suppose 212*p - 1052 = 208*p. List the prime factors of p.
263
Suppose 2*d + 24 = -2*d + b, 3*d - 5*b = -18. Let h = -9 - d. What are the prime factors of ((-2)/h)/((-2)/(-114))?
2, 19
Let f(s) = -12*s - 8. Let w be f(-8). Suppose 0 = 7*n - 304 - w. List the prime factors of n.
2, 7
Let h(r) = -r**2 - 4*r + 1. Let f be h(-5). Let m be 3/(-9) - 1128/18. List the prime factors of f/(-18) - 1561/m.
5
Let i(t) = 3*t**2 - 10*t - 11. Let l be i(10). Suppose 0 = -k - 3*c + l, -5*k + 4*c + 1023 - 78 = 0. What are the prime factors of k?
3, 7
Let m(x) = -3*x - 10. List the prime factors of m(-24).
2, 31
Let n = -9 + 5. Let u(h) = 2*h**2 - 7*h - 9. What are the prime factors of u(n)?
3, 17
Let k(i) = -i**3 + 4*i**2 + i - 6. Let f be k(5). Let b = f + 65. Let o = b + -23. List the prime factors of o.
2
Let q(x) = 245*x**2 + 5*x - 20. List the prime factors of q(4).
2, 5, 7
Let h = 351 - 215. List the prime factors of h.
2, 17
Let v(n) be the second derivative of n**4/6 + 2*n**3/3 + 4*n**2 - 2*n. Let x be v(-8). Suppose -g + 5*g = x. List the prime factors of g.
2, 13
Let h be 5 + 1 - (-6)/(-2). Suppose -h*t = -p - t + 36, 0 = p + t - 24. Suppose 4*z - 168 = p. List the prime factors of z.
7
Suppose -1561 = -171*x + 164*x. What are the prime factors of x?
223
Let a(q) = -5*q**2 + 13*q - 10. Let w be a(7). Let t = w - -257. What are the prime factors of t?
3, 31
Suppose 17 - 3 = 2*p. Let d be 31 - -2 - (p - 6). Let h = d + -21. List the prime factors of h.
11
Let o be (-1)/((3/245)/3). Let l = o + 166. What are the prime factors of l/(-4) + 10/40?
2, 5
Let b(a) be the second derivative of a**5/20 + a**4/2 - a**3/3 + 3*a**2 + 3*a. Let p be b(-6). Let r = p + -9. What are the prime factors of r?
3
Suppose 1397 + 1837 = 6*m. Suppose 4*n - o - m = 0, -2*n - o - 137 = -3*n. List the prime factors of n.
2, 67
Let j(i) = 17*i**2 + 4*i - 4. Let u be j(2). Let z = u - -89. Let c = -91 + z. List the prime factors of c.
2, 5, 7
Let m = 8 + 2. Suppose 13*k = m*k + 204. What are the prime factors of k?
2, 17
Let g(k) = 3*k - k**3 + 3*k**3 - 3*k**3 + 3 + 8*k**2. List the prime factors of g(8).
3
Let f = -252 - -366. Let x = 168 - f. What are the prime factors of x?
2, 3
What are the prime factors of 4167 - 3 - (0 + (-9 - -4))?
11, 379
Suppose 24*f - 10205 = -3893. List the prime factors of f.
263
Let h = 22 - 19. Suppose 8*f = h*f. Suppose 3*z - 2*z - 17 = f. What are the prime factors of z?
17
Let a(i) = 5*i**3 + 8*i**2 - 4*i + 3. Let j(n) = n**3 - n. Let g(f) = a(f) - 6*j(f). List the prime factors of g(8).
19
Let o(q) = -10*q + 5. Let n be o(-3). Let h = 59 + n. Let d = 153 - h. What are the prime factors of d?
59
Suppose 4*p - 4*t = 15068, -3*p + 4*t = -5*p + 7504. What are the prime factors of p?
2, 3, 11, 19
Let a(b) = b**2 + b. Let c be a(0). Suppose c*u = -6*u - 12. List the prime factors of u/(-5) + (-208)/(-5).
2, 3, 7
Let z(b) = -b**3 + 4*b**2 - 4. Let o be z(3). Suppose o*t + 3 = v, -t = -4*v - 5*t + 108. What are the prime factors of v?
23
Let x(z) = 935*z**2 + 26*z - 48. What are the prime factors of x(2)?
2, 3, 13
Suppose r + 0*r - 2*b = 230, 2*r - 475 = b. Suppose -4 = 2*a, -3*a = 3*n - 6*n + r. Suppose -i = 2*c - n, -5*i - 2 = -2*c + 52. What are the prime factors of c?
37
Let o = 8 + -9. Let i be 0/(o + 1 + 1). Suppose -4*h + 12 + i = 0. List the prime factors of h.
3
Suppose l - 2*l - 3 = 0. Let c be 4/(1 - l)*-7. Let a(y) = -4*y - 11. List the prime factors of a(c).
17
Let m = -28 + 10. List the prime factors of 88*(m/(-4) - 3).
2, 3, 11
Let o be 49/(-14)*4/7. List the prime factors of -3 + (-8)/(-4) + o + 209.
2, 103
Let y = -24 + 44. Let a = y - 0. List the prime factors of a.
2, 5
Suppose -5*q - 3*s = -5*s - 22, s - 11 = -3*q. Suppose -3 = q*d - 15. Let n = d + 0. What are the prime factors of n?
3
Let r(n) = n**2 - 4*n - 17. Let b be r(9). What are the prime factors of (-20)/((b/(-6))/7)?
2, 3, 5
Suppose o = -107 + 251. List the prime factors of o.
2, 3
Let h be 1/(-2) - 883/(-2). Let m be ((-5)/15)/(3/h). Let d = m - -97. What are the prime factors of d?
2, 3
Suppose 0 = 4*m - 7*m + 639. List the prime factors of m.
3, 71
Suppose 5508 = 5*h + 1573. List the prime factors of h.
787
Let r be (-172)/(-36) - 6/(-27). Suppose -4*x + x - r*d + 45 = 0, -2*x + 46 = -2*d. Suppose -4*s + 84 = -4*z - x, 5*s + 2*z = 165. List the prime factors of s.
31
Let c(i) = 6*i**2 - 33*i + 122. List the prime factors of c(15).
977
Let x(d) = -2*d**2 - 18*d - 1. Let u be x(-9). List the prime factors of (1/(2 + u))/(5/635).
127
Let c(s) = s - 2. Let h be c(4). Let u be -2*(h + (-3)/1). Suppose -11 = -k + u. List the prime factors of k.
13
Let s be 6462/90 - (-1)/5. Let o = s - 50. What are the prime factors of o?
2, 11
Suppose -2*f + f - 22 = 0. Let x = f + 29. What are the prime factors of x?
7
Let b = 329 - 235. List the prime factors of b.
2, 47
Let z(t) = -6*t + 14. Let s = 46 - 54. What are the prime factors of z(s)?
2, 31
Let u = 2369 - 1408. What 